re the prime factors of 212829?
3, 61, 1163
What are the prime factors of 2097068?
2, 19, 41, 673
List the prime factors of 2927005.
5, 137, 4273
List the prime factors of 7048110.
2, 3, 5, 239, 983
List the prime factors of 34202588.
2, 7, 97, 257
What are the prime factors of 390260?
2, 5, 13, 19, 79
List the prime factors of 14425714.
2, 109, 66173
List the prime factors of 11431939.
17, 19, 35393
What are the prime factors of 3719787?
3, 17, 72937
What are the prime factors of 851977?
7, 121711
What are the prime factors of 665966?
2, 7, 47569
What are the prime factors of 387034?
2, 29, 6673
List the prime factors of 33298.
2, 16649
List the prime factors of 73192.
2, 7, 1307
What are the prime factors of 32997798?
2, 3, 317, 5783
List the prime factors of 4635996.
2, 3, 386333
List the prime factors of 515473.
7, 211, 349
List the prime factors of 29123934.
2, 3, 7, 23, 59, 73
List the prime factors of 148892.
2, 37223
List the prime factors of 97052.
2, 19, 1277
What are the prime factors of 116568?
2, 3, 1619
What are the prime factors of 33123696?
2, 3, 809, 853
List the prime factors of 482561.
59, 8179
List the prime factors of 28117281.
3, 9372427
List the prime factors of 7722653.
7722653
List the prime factors of 443050.
2, 5, 8861
List the prime factors of 2249338.
2, 7, 13, 17, 727
What are the prime factors of 3056321?
19, 31, 5189
What are the prime factors of 265765?
5, 23, 2311
What are the prime factors of 11263223?
29, 61, 6367
What are the prime factors of 528852?
2, 3, 44071
What are the prime factors of 455170?
2, 5, 23, 1979
List the prime factors of 104794.
2, 151, 347
List the prime factors of 31820.
2, 5, 37, 43
List the prime factors of 298087.
298087
List the prime factors of 14068568.
2, 43, 40897
List the prime factors of 1743220.
2, 5, 43, 2027
What are the prime factors of 2778462?
2, 3, 5717
What are the prime factors of 662784?
2, 3, 863
What are the prime factors of 4483330?
2, 5, 47, 9539
What are the prime factors of 3249515?
5, 197, 3299
List the prime factors of 2914343.
313, 9311
List the prime factors of 82424.
2, 10303
List the prime factors of 4597511.
109, 42179
What are the prime factors of 9926215?
5, 13, 17, 691
List the prime factors of 15242066.
2, 7, 19, 57301
List the prime factors of 1221634.
2, 610817
What are the prime factors of 1625202?
2, 3, 90289
What are the prime factors of 7419666?
2, 3, 1236611
What are the prime factors of 70960?
2, 5, 887
List the prime factors of 327610.
2, 5, 181
What are the prime factors of 428509?
428509
What are the prime factors of 13607426?
2, 7, 971959
List the prime factors of 3420861.
3, 571, 1997
What are the prime factors of 771022?
2, 7, 55073
List the prime factors of 5754063.
3, 7, 41, 163
What are the prime factors of 135084?
2, 3, 11257
List the prime factors of 54030.
2, 3, 5, 1801
What are the prime factors of 2949384?
2, 3, 122891
List the prime factors of 354145.
5, 11, 47, 137
What are the prime factors of 1482427?
47, 31541
What are the prime factors of 2249779?
7, 321397
List the prime factors of 86800.
2, 5, 7, 31
List the prime factors of 1686174.
2, 3, 7, 19, 2113
What are the prime factors of 215783?
19, 41, 277
List the prime factors of 1692892.
2, 23, 18401
What are the prime factors of 228852?
2, 3, 13, 163
List the prime factors of 4028486.
2, 7, 11, 37, 101
List the prime factors of 1889236.
2, 472309
What are the prime factors of 87307?
11, 7937
What are the prime factors of 253250?
2, 5, 1013
What are the prime factors of 31828248?
2, 3, 147353
What are the prime factors of 127350?
2, 3, 5, 283
What are the prime factors of 18365725?
5, 7, 104947
List the prime factors of 431648.
2, 7, 41, 47
What are the prime factors of 1154543?
13, 88811
List the prime factors of 9259985.
5, 7, 17, 79, 197
List the prime factors of 11722823.
7, 701, 2389
List the prime factors of 89121.
3, 61, 487
What are the prime factors of 7243581?
3, 17, 142031
List the prime factors of 425438.
2, 13, 16363
What are the prime factors of 1224353?
13, 53, 1777
What are the prime factors of 1631070?
2, 3, 5, 7, 863
What are the prime factors of 3215900?
2, 5, 32159
List the prime factors of 331094.
2, 19, 8713
What are the prime factors of 574995?
3, 5, 38333
What are the prime factors of 14208199?
31, 677
What are the prime factors of 8923870?
2, 5, 892387
List the prime factors of 95345.
5, 19069
List the prime factors of 4913273.
4913273
What are the prime factors of 233461?
17, 31, 443
List the prime factors of 1799211.
3, 71, 8447
What are the prime factors of 2529611?
7, 361373
What are the prime factors of 444695?
5, 19, 31, 151
List the prime factors of 49241.
41, 1201
List the prime factors of 195502.
2, 239, 409
What are the prime factors of 1713877?
11, 37, 4211
List the prime factors of 665843.
665843
List the prime factors of 2165959.
2165959
What are the prime factors of 217235?
5, 23, 1889
List the prime factors of 81800.
2, 5, 409
What are the prime factors of 2056695?
3, 5, 31, 4423
What are the prime factors of 19687856?
2, 1230491
What are the prime factors of 236736?
2, 3, 137
What are the prime factors of 296562?
2, 3, 7, 23, 307
List the prime factors of 1952844.
2, 3, 109, 1493
List the prime factors of 4191695.
5, 47, 17837
List the prime factors of 94421.
94421
List the prime factors of 182806.
2, 13, 79, 89
List the prime factors of 260311.
163, 1597
What are the prime factors of 3077676?
2, 3, 7, 23, 59
What are the prime factors of 1972394?
2, 986197
What are the prime factors of 269572?
2, 19, 3547
List the prime factors of 13663140.
2, 3, 5, 227719
What are the prime factors of 391586?
2, 13, 15061
List the prime factors of 3361496.
2, 23, 18269
List the prime factors of 7948683.
3, 883187
What are the prime factors of 52830?
2, 3, 5, 587
List the prime factors of 680580.
2, 3, 5, 19, 199
List the prime factors of 613440.
2, 3, 5, 71
List the prime factors of 1986919.
11, 180629
List the prime factors of 1510130.
2, 5, 151013
List the prime factors of 79983.
3, 8887
What are the prime factors of 127205?
5, 13, 19, 103
What are the prime factors of 180347?
180347
What are the prime factors of 2767766?
2, 53, 26111
List the prime factors of 856498.
2, 428249
What are the prime factors of 4966073?
7, 397, 1787
What are the prime factors of 3749129?
17, 220537
List the prime factors of 18404.
2, 43, 107
List the prime factors of 212064.
2, 3, 47
What are the prime factors of 17866401?
3, 7, 850781
List the prime factors of 3705542.
2, 1852771
List the prime factors of 485018.
2, 242509
What are the prime factors of 30435469?
30435469
What are the prime factors of 295265?
5, 59053
List the prime factors of 6991102.
2, 3495551
List the prime factors of 627171.
3, 19, 11003
List the prime factors of 19344935.
5, 3868987
What are the prime factors of 1454916?
2, 3, 263, 461
What are the prime factors of 180519?
3, 19, 3167
What are the prime factors of 3224972?
2, 727, 1109
What are the prime factors of 676820?
2, 5, 43, 787
List the prime factors of 2014686.
2, 3, 37309
List the prime factors of 3206828.
2, 801707
List the prime factors of 8451174.
2, 3, 1408529
List the prime factors of 119848.
2, 71, 211
What are the prime factors of 31491559?
11, 1289, 2221
List the prime factors of 9430914.
2, 3, 59, 26641
List the prime factors of 3829778.
2, 1914889
List the prime factors of 444371.
107, 4153
What are the prime factors of 18244894?
2, 83, 131, 839
List the prime factors of 295574.
2, 147787
List the prime factors of 775123.
23, 67, 503
List the prime factors of 13114723.
13114723
What are the prime factors of 3540678?
2, 3, 37, 41, 389
List the prime factors of 10465928.
2, 11, 118931
What are the prime factors of 2382747?
3, 794249
List the prime factors of 158205.
3, 5, 53, 199
What are the prime factors of 1507065?
3, 5, 7, 31, 463
What are the prime factors of 1199149?
7, 107, 1601
List the prime factors of 3941383.
1489, 2647
What are the prime factors of 9945629?
17, 585037
What are the prime factors of 14182944?
2, 3, 147739
List the prime factors of 1280836.
2, 320209
List the prime factors of 3328063.
3328063
List the prime factors of 2593221.
3, 864407
List the prime factors of 489727.
7, 43, 1627
List the prim